{"id":11484,"date":"2026-04-20T13:58:50","date_gmt":"2026-04-20T11:58:50","guid":{"rendered":"https:\/\/cendoc.h12o.es\/blog\/?page_id=11484"},"modified":"2026-04-22T12:16:14","modified_gmt":"2026-04-22T10:16:14","slug":"revistas","status":"publish","type":"page","link":"https:\/\/cendoc.h12o.es\/blog\/revistas\/","title":{"rendered":"Revistas"},"content":{"rendered":"<p>La Biblioteca del Hospital Universitario 12 de Octubre por sus caracter\u00edsticas y necesidades suscribe anualmente una serie de recursos de informaci\u00f3n (revistas y bases de datos) para su uso y consulta por los profesionales del Hospital para apoyar en el desarrollo de la Formaci\u00f3n, la Docencia y la Investigaci\u00f3n del centro.<\/p>\n<p>La Consejer\u00eda de Sanidad suscribe para todo el sistema sanitario madrile\u00f1o una colecci\u00f3n de recursos de uso m\u00e1s frecuente.<\/p>\n<p>Como novedad, este a\u00f1o 2026, la Biblioteca ha suscrito <strong><u>acuerdos transformativos<\/u><\/strong> con 2 editoriales: <span style=\"color: #800080;\">Karger<\/span> y <span style=\"color: #800080;\">Benthamsciences<\/span>. De esta manera los <span style=\"color: #ff0000;\">autores de correspondencia <\/span>de art\u00edculos aceptados en alguna revista elegible editada por estas editoriales, puede solicitar su publicaci\u00f3n en abierto, <span style=\"color: #ff0000;\">sin coste<\/span>.<\/p>\n<h4 class=\"collapseomatic \" id=\"id6a01b89b9aae5\" rel=\"category-highlander\" tabindex=\"0\" title=\"<strong>\u00bfQue son los acuerdos transformativos?<\/strong>\"    ><strong>\u00bfQue son los acuerdos transformativos?<\/strong><\/h4><div id=\"target-id6a01b89b9aae5\" class=\"collapseomatic_content \">\n<p>Los acuerdos transformativos (AT) se enmarcan dentro del impulso hacia la Ciencia Abierta, un modelo que promueve un acceso m\u00e1s amplio y transparente a los resultados de la investigaci\u00f3n. En este contexto, el sistema tradicional basado exclusivamente en suscripciones a revistas cient\u00edficas resulta cada vez menos adecuado, ya que limita el acceso al conocimiento y no responde a las nuevas exigencias de difusi\u00f3n en abierto.<\/p>\n<p>En los \u00faltimos a\u00f1os, adem\u00e1s, la normativa y las recomendaciones institucionales han avanzado en favor de la publicaci\u00f3n en acceso abierto (Open Access, OA), fomentando su inclusi\u00f3n en las negociaciones con las editoriales cient\u00edficas.<\/p>\n<p>Los acuerdos transformativos permiten integrar en un \u00fanico contrato tanto el acceso a las revistas mediante suscripci\u00f3n como la posibilidad de publicar en ellas en acceso abierto sin coste adicional para el autor. Estos acuerdos han sido negociados por la Biblioteca del Hospital Universitario 12 de Octubre con distintos editores acad\u00e9micos y cient\u00edficos.<\/p>\n<p>Actualmente, el Hospital Universitario 12 de Octubre mantiene acuerdos transformativos con las editoriales Karger y Bentham Science. Cada uno de ellos establece condiciones espec\u00edficas, que pueden consultarse en el apartado correspondiente a cada editor.<\/p>\n<p>Gracias a estos acuerdos, la comunidad del hospital no solo puede acceder a los contenidos de estas editoriales, sino tambi\u00e9n publicar art\u00edculos en determinadas revistas incluidas en los acuerdos sin asumir los costes de publicaci\u00f3n (APC), siempre que se cumplan los requisitos establecidos.<\/p>\n<\/div>\n<p>&nbsp;<\/p>\n<h4><span style=\"color: #0000ff;\"><strong>Requisitos<\/strong><\/span><\/h4>\n<ul>\n<li>Ser autor afiliado al hospital<\/li>\n<li>Usar correo institucional<\/li>\n<li>Ser <strong>autor de correspondencia<\/strong> (clave)<\/li>\n<li>La revista debe estar dentro del acuerdo<\/li>\n<\/ul>\n<h4><span style=\"color: #0000ff;\"><strong>Donde publicar sin coste<\/strong><\/span><\/h4>\n<p>&nbsp;<\/p>\n<table style=\"height: 364px;\" width=\"628\">\n<tbody>\n<tr>\n<td width=\"283\"><a href=\"https:\/\/cendoc.h12o.es\/blog\/wp-content\/uploads\/2026\/04\/Logo-Bentham.png\"><img loading=\"lazy\" decoding=\"async\" class=\"alignleft wp-image-11516\" src=\"https:\/\/cendoc.h12o.es\/blog\/wp-content\/uploads\/2026\/04\/Logo-Bentham.png\" alt=\"\" width=\"202\" height=\"216\" srcset=\"https:\/\/cendoc.h12o.es\/blog\/wp-content\/uploads\/2026\/04\/Logo-Bentham.png 304w, https:\/\/cendoc.h12o.es\/blog\/wp-content\/uploads\/2026\/04\/Logo-Bentham-281x300.png 281w, https:\/\/cendoc.h12o.es\/blog\/wp-content\/uploads\/2026\/04\/Logo-Bentham-140x150.png 140w\" sizes=\"(max-width: 202px) 100vw, 202px\" \/><\/a><\/td>\n<td width=\"283\"><a href=\"https:\/\/cendoc.h12o.es\/blog\/wp-content\/uploads\/2026\/04\/Logo-Karger.png\"><img loading=\"lazy\" decoding=\"async\" class=\"alignleft wp-image-11517\" src=\"https:\/\/cendoc.h12o.es\/blog\/wp-content\/uploads\/2026\/04\/Logo-Karger.png\" alt=\"\" width=\"273\" height=\"106\" srcset=\"https:\/\/cendoc.h12o.es\/blog\/wp-content\/uploads\/2026\/04\/Logo-Karger.png 359w, https:\/\/cendoc.h12o.es\/blog\/wp-content\/uploads\/2026\/04\/Logo-Karger-300x117.png 300w, https:\/\/cendoc.h12o.es\/blog\/wp-content\/uploads\/2026\/04\/Logo-Karger-150x58.png 150w\" sizes=\"(max-width: 273px) 100vw, 273px\" \/><\/a><\/td>\n<\/tr>\n<tr>\n<td width=\"283\"><a href=\"https:\/\/drive.google.com\/file\/d\/1FI63W6O1RHY3srPhWSO_qLfOI51Bmgo_\/view?usp=drive_link\" target=\"_blank\" rel=\"noopener\">Listado de Revistas Bentham Science<\/a><\/td>\n<td width=\"283\"><a href=\"https:\/\/drive.google.com\/file\/d\/1TnZi07YK1debWFhi7F2H0bAdbyb3IxUk\/view?usp=drive_link\" target=\"_blank\" rel=\"noopener\">Listado de revistas Karger<\/a><\/td>\n<\/tr>\n<tr>\n<td width=\"283\"><a href=\"https:\/\/drive.google.com\/file\/d\/1pnDWJVEesBsHljaWAdzmzwmzT0dLs-Kf\/view?usp=drive_link\" target=\"_blank\" rel=\"noopener\">Procedimiento acuerdo transformativo<\/a><\/td>\n<td width=\"283\"><a href=\"https:\/\/drive.google.com\/file\/d\/1cCf1gv0vzVZmXzJasI9JV1G_bwYDk7GZ\/view?usp=drive_link\" target=\"_blank\" rel=\"noopener\">Procedimiento acuerdo transformativo<\/a><\/td>\n<\/tr>\n<\/tbody>\n<\/table>\n<p>&nbsp;<\/p>\n","protected":false},"excerpt":{"rendered":"<p>La Biblioteca del Hospital Universitario 12 de Octubre por sus caracter\u00edsticas y necesidades suscribe anualmente una serie de recursos de informaci\u00f3n (revistas y bases de datos) para su uso y consulta por los profesionales del Hospital para apoyar en el desarrollo de la Formaci\u00f3n, la Docencia y la Investigaci\u00f3n del \u2026<\/p>\n<p class=\"continue-reading-button\"> <a class=\"continue-reading-link\" href=\"https:\/\/cendoc.h12o.es\/blog\/revistas\/\">Continuar leyendo<i class=\"crycon-right-dir\"><\/i><\/a><\/p>\n","protected":false},"author":562,"featured_media":0,"parent":0,"menu_order":0,"comment_status":"closed","ping_status":"closed","template":"","meta":{"jetpack_post_was_ever_published":false,"footnotes":""},"jetpack_shortlink":"https:\/\/wp.me\/P3G9TJ-2Ze","jetpack_sharing_enabled":true,"_links":{"self":[{"href":"https:\/\/cendoc.h12o.es\/blog\/wp-json\/wp\/v2\/pages\/11484"}],"collection":[{"href":"https:\/\/cendoc.h12o.es\/blog\/wp-json\/wp\/v2\/pages"}],"about":[{"href":"https:\/\/cendoc.h12o.es\/blog\/wp-json\/wp\/v2\/types\/page"}],"author":[{"embeddable":true,"href":"https:\/\/cendoc.h12o.es\/blog\/wp-json\/wp\/v2\/users\/562"}],"replies":[{"embeddable":true,"href":"https:\/\/cendoc.h12o.es\/blog\/wp-json\/wp\/v2\/comments?post=11484"}],"version-history":[{"count":7,"href":"https:\/\/cendoc.h12o.es\/blog\/wp-json\/wp\/v2\/pages\/11484\/revisions"}],"predecessor-version":[{"id":11550,"href":"https:\/\/cendoc.h12o.es\/blog\/wp-json\/wp\/v2\/pages\/11484\/revisions\/11550"}],"wp:attachment":[{"href":"https:\/\/cendoc.h12o.es\/blog\/wp-json\/wp\/v2\/media?parent=11484"}],"curies":[{"name":"wp","href":"https:\/\/api.w.org\/{rel}","templated":true}]}}