{"id":2518,"date":"2020-12-16T14:49:46","date_gmt":"2020-12-16T13:49:46","guid":{"rendered":"https:\/\/cendoc.h12o.es\/blog\/?page_id=2518"},"modified":"2025-04-23T08:47:17","modified_gmt":"2025-04-23T06:47:17","slug":"memorias","status":"publish","type":"page","link":"https:\/\/cendoc.h12o.es\/blog\/memorias\/","title":{"rendered":"Memorias"},"content":{"rendered":"<p>&nbsp;<\/p>\n<p>&nbsp;<\/p>\n<h4 class=\"collapseomatic \" id=\"id69db5d7169dd6\" rel=\"category-highlander\" tabindex=\"0\" title=\"JEFATURAS DE SERVICIO\"    >JEFATURAS DE SERVICIO<\/h4><div id=\"target-id69db5d7169dd6\" class=\"collapseomatic_content \">\n<p>2023<\/p>\n<ul>\n<li>Cirug\u00eda Card\u00edaca, por <a href=\"http:\/\/pc.h12o.es\/cgi-bin\/koha\/opac-detail.pl?biblionumber=17790\">Christian Mu\u00f1oz Guijosa<\/a><\/li>\n<li>Cirug\u00eda Pl\u00e1stica, por <a href=\"http:\/\/pc.h12o.es\/cgi-bin\/koha\/opac-detail.pl?biblionumber=17791\">M\u00aa \u00c1ngeles Cabez\u00f3n Hedo<\/a><\/li>\n<li>Pediatr\u00eda, por <a href=\"http:\/\/pc.h12o.es\/cgi-bin\/koha\/opac-detail.pl?biblionumber=17793\">Jos\u00e9 Tom\u00e1s Ramos Amador<\/a><\/li>\n<\/ul>\n<p>2021<\/p>\n<ul>\n<li>Anestesiolog\u00eda y Reanimaci\u00f3n, por <a href=\"http:\/\/pc.h12o.es\/cgi-bin\/koha\/opac-detail.pl?biblionumber=16807\">Manuel Cort\u00e9s Guerrero<\/a><\/li>\n<li>Cirug\u00eda Pl\u00e1stica, por <a href=\"http:\/\/pc.h12o.es\/cgi-bin\/koha\/opac-detail.pl?biblionumber=16436\">Marcos Mart\u00edn D\u00edaz<\/a><\/li>\n<\/ul>\n<p>2020<\/p>\n<ul>\n<li>Aparato Digestivo, por <a href=\"http:\/\/pc.h12o.es\/cgi-bin\/koha\/opac-detail.pl?biblionumber=16303\">Inmaculada Fern\u00e1ndez V\u00e1zquez<\/a><\/li>\n<li>Nefrolog\u00eda, por <a href=\"http:\/\/pc.h12o.es\/cgi-bin\/koha\/opac-detail.pl?biblionumber=16312\">Julio Pascual Santos<\/a><\/li>\n<li>Nefrolog\u00eda, por <a href=\"http:\/\/pc.h12o.es\/cgi-bin\/koha\/opac-detail.pl?biblionumber=16313&amp;query_desc=au%2Cwrdl%3A%20morales%20ruiz\" target=\"_blank\" rel=\"noopener\">Enrique Morales Ruiz<\/a><\/li>\n<li>Nefrolog\u00eda, por <a href=\"http:\/\/pc.h12o.es\/cgi-bin\/koha\/opac-detail.pl?biblionumber=16314&amp;query_desc=au%2Cwrdl%3A%20amado%20andres\" target=\"_blank\" rel=\"noopener\">Amado Andr\u00e9s Belmonte<\/a><\/li>\n<\/ul>\n<p>2018<\/p>\n<ul>\n<li>Urolog\u00eda, por <a href=\"http:\/\/pc.h12o.es\/cgi-bin\/koha\/opac-detail.pl?biblionumber=16151\">Alfredo Rodr\u00edguez Antol\u00edn<\/a><\/li>\n<\/ul>\n<p>2016<\/p>\n<ul>\n<li>Endocrinolog\u00eda y Nutrici\u00f3n, por <a href=\"http:\/\/pc.h12o.es\/cgi-bin\/koha\/opac-detail.pl?biblionumber=16150\">Miguel Le\u00f3n Sanz<\/a><\/li>\n<li>Hematolog\u00eda, por <a href=\"http:\/\/pc.h12o.es\/cgi-bin\/koha\/opac-detail.pl?biblionumber=16160\">Joaqu\u00edn Mart\u00ednez L\u00f3pez<\/a><\/li>\n<li>Medicina del Trabajo, por <a href=\"http:\/\/pc.h12o.es\/cgi-bin\/koha\/opac-detail.pl?biblionumber=16171\">Carmen Mu\u00f1oz Ruip\u00e9rez<\/a><\/li>\n<li>Neumolog\u00eda, por <a href=\"http:\/\/pc.h12o.es\/cgi-bin\/koha\/opac-detail.pl?biblionumber=16168\">Victoria Villena Garrido<\/a><\/li>\n<li>Neurocirug\u00eda, por <a href=\"http:\/\/pc.h12o.es\/cgi-bin\/koha\/opac-detail.pl?biblionumber=16169\">Alfonso Lagares G\u00f3mez-Abascal<\/a><\/li>\n<li>Obstetricia y Ginecolog\u00eda, por <a href=\"http:\/\/pc.h12o.es\/cgi-bin\/koha\/opac-detail.pl?biblionumber=16158\">Alberto Galindo Izquierdo<\/a><\/li>\n<li>Radiodiagn\u00f3stico, por <a href=\"http:\/\/pc.h12o.es\/cgi-bin\/koha\/opac-detail.pl?biblionumber=16149\">Jos\u00e9 Carmelo Albillos Merino<\/a><\/li>\n<\/ul>\n<p>2014<\/p>\n<ul>\n<li>Cirug\u00eda Oral y Maxilofacial, por <a href=\"http:\/\/pc.h12o.es\/cgi-bin\/koha\/opac-detail.pl?biblionumber=16172\" target=\"_blank\" rel=\"noopener\">Gregorio S\u00e1nchez Aniceto<\/a><\/li>\n<li>Cirug\u00eda Tor\u00e1cica, por <a href=\"http:\/\/pc.h12o.es\/cgi-bin\/koha\/opac-detail.pl?biblionumber=16156\">Antonio Pablo G\u00e1mez Garc\u00eda<\/a><\/li>\n<li>Farmacia, por <a href=\"http:\/\/pc.h12o.es\/cgi-bin\/koha\/opac-detail.pl?biblionumber=16153\">Jos\u00e9 Miguel Ferrari Piquero<\/a><\/li>\n<li>Oncolog\u00eda Radioter\u00e1pica, por <a href=\"http:\/\/pc.h12o.es\/cgi-bin\/koha\/opac-detail.pl?biblionumber=16157\">Jos\u00e9 Ferm\u00edn P\u00e9rez-Regadera<\/a><\/li>\n<\/ul>\n<p>2013<\/p>\n<ul>\n<li>Oftalmolog\u00eda, por <a href=\"http:\/\/pc.h12o.es\/cgi-bin\/koha\/opac-detail.pl?biblionumber=17002\">Esperanza Guti\u00e9rrez D\u00edaz<\/a><\/li>\n<\/ul>\n<p>2012<\/p>\n<ul>\n<li>Hosteler\u00eda, por <a href=\"http:\/\/pc.h12o.es\/cgi-bin\/koha\/opac-detail.pl?biblionumber=16931\">M\u00aa Isabel Navarro Garc\u00eda<\/a><\/li>\n<\/ul>\n<p>2006<\/p>\n<ul>\n<li>Biblioteca, por <a href=\"http:\/\/pc.h12o.es\/cgi-bin\/koha\/opac-detail.pl?biblionumber=16306\">Wigberta Mart\u00edn Roncero<\/a><\/li>\n<\/ul>\n<p>1997<\/p>\n<ul>\n<li>Cirug\u00eda General, por <a href=\"http:\/\/pc.h12o.es\/cgi-bin\/koha\/opac-detail.pl?biblionumber=16668\">Felipe de la Cruz Vigo<\/a><\/li>\n<\/ul>\n<\/div>\n<h4 class=\"collapseomatic \" id=\"id69db5d7169e18\" rel=\"category-highlander\" tabindex=\"0\" title=\"JEFATURAS DE SECCI\u00d3N\"    >JEFATURAS DE SECCI\u00d3N<\/h4><div id=\"target-id69db5d7169e18\" class=\"collapseomatic_content \">\n<p>2024<\/p>\n<ul>\n<li>Aparato Digestivo , por <a href=\"http:\/\/pc.h12o.es\/cgi-bin\/koha\/opac-detail.pl?biblionumber=17832\" target=\"_blank\" rel=\"noopener\">Yago Gonz\u00e1lez Lama<\/a><\/li>\n<li>\u00a0Ortopedia Infantil, por <a href=\"http:\/\/pc.h12o.es\/cgi-bin\/koha\/opac-detail.pl?biblionumber=17834\" target=\"_blank\" rel=\"noopener\">M\u00aa Teresa Men\u00e9ndez Crespo<\/a><\/li>\n<li>Pediatr\u00eda y \u00c1reas Espec\u00edficas con perfil en Cuidados Intensivos , por <a href=\"http:\/\/pc.h12o.es\/cgi-bin\/koha\/opac-detail.pl?biblionumber=17833&amp;query_desc=kw%2Cwrdl%3A%20BELDA\" target=\"_blank\" rel=\"noopener\">Sylvia Belda Hofheinz<\/a><\/li>\n<\/ul>\n<p>2023<\/p>\n<ul>\n<li>Anestesiolog\u00eda y Reanimaci\u00f3n, por <a href=\"http:\/\/pc.h12o.es\/cgi-bin\/koha\/opac-detail.pl?biblionumber=17787\">Jes\u00fas Ruiz de las Heras<\/a><\/li>\n<li>Angiolog\u00eda y Cirug\u00eda Vascular, por <a href=\"http:\/\/pc.h12o.es\/cgi-bin\/koha\/opac-detail.pl?biblionumber=17782\">Yolanda Tapia L\u00f3pez<\/a><\/li>\n<li>Cirug\u00eda General y del Aparato Digestivo, por <a href=\"http:\/\/pc.h12o.es\/cgi-bin\/koha\/opac-detail.pl?biblionumber=17783\">El\u00edas Rodr\u00edguez Cu\u00e9llar<\/a><\/li>\n<li>Neumolog\u00eda, por <a href=\"http:\/\/pc.h12o.es\/cgi-bin\/koha\/opac-detail.pl?biblionumber=17789\">Javier Sayas Catal\u00e1n<\/a><\/li>\n<li>Otorrinolaringolog\u00eda, por <a href=\"http:\/\/pc.h12o.es\/cgi-bin\/koha\/opac-detail.pl?biblionumber=17786\">Nieves Mata Castro<\/a><\/li>\n<li>Psiquiatr\u00eda, por <a href=\"http:\/\/pc.h12o.es\/cgi-bin\/koha\/opac-detail.pl?biblionumber=17781\">Francisco Arias Horcajadas<\/a><\/li>\n<\/ul>\n<p>2022<\/p>\n<ul>\n<li>Nefrolog\u00eda, por <a href=\"http:\/\/pc.h12o.es\/cgi-bin\/koha\/opac-detail.pl?biblionumber=16930\">Enrique Morales Ruiz<\/a><\/li>\n<\/ul>\n<p>2021<\/p>\n<ul>\n<li>Antestesiolog\u00eda, por <a href=\"http:\/\/pc.h12o.es\/cgi-bin\/koha\/opac-detail.pl?biblionumber=16551\">M\u00aa Isabel Real Navacerrada<\/a><\/li>\n<li>Aparato Digestivo, por <a href=\"http:\/\/pc.h12o.es\/cgi-bin\/koha\/opac-detail.pl?biblionumber=16808\">Mercedes P\u00e9rez Carreras<\/a><\/li>\n<li>Cirug\u00eda Card\u00edaca, por <a href=\"http:\/\/pc.h12o.es\/cgi-bin\/koha\/opac-detail.pl?biblionumber=16706\">M\u00aa Jes\u00fas L\u00f3pez Gude<\/a><\/li>\n<li>Cirug\u00eda Pedi\u00e1trica, por <a href=\"http:\/\/pc.h12o.es\/cgi-bin\/koha\/opac-detail.pl?biblionumber=16707\">Juan L. Ant\u00f3n-Pacheco S\u00e1nchez<\/a><\/li>\n<li>Dermatolog\u00eda, por <a href=\"http:\/\/pc.h12o.es\/cgi-bin\/koha\/opac-detail.pl?biblionumber=16421\">Raquel Rivera D\u00edaz<\/a><\/li>\n<li>Medicina Intensiva, por <a href=\"http:\/\/pc.h12o.es\/cgi-bin\/koha\/opac-detail.pl?biblionumber=16525\">Mercedes Catal\u00e1n Gonz\u00e1lez<\/a><\/li>\n<li>Neurolog\u00eda, por <a href=\"http:\/\/pc.h12o.es\/cgi-bin\/koha\/opac-detail.pl?biblionumber=16423\">Alberto Villarejo Galende<\/a><\/li>\n<\/ul>\n<p>2020<\/p>\n<ul>\n<li>\u00c1rea de Atenci\u00f3n Farmac\u00e9utica Integral al Paciente Hemato-Oncol\u00f3gico y Trasplantado del Servicio de Farmacia, por <a href=\"http:\/\/pc.h12o.es\/cgi-bin\/koha\/opac-detail.pl?biblionumber=16341\" target=\"_blank\" rel=\"noopener\">Mar\u00eda del Puy Goyache Go\u00f1i<\/a><\/li>\n<li>Farmacia, por <a href=\"http:\/\/pc.h12o.es\/cgi-bin\/koha\/opac-detail.pl?biblionumber=16340\">Olga Serrano Garrote<\/a><\/li>\n<li>Hematolog\u00eda, por <a href=\"http:\/\/pc.h12o.es\/cgi-bin\/koha\/opac-detail.pl?biblionumber=16380\">Mar\u00eda Calbacho Robles<\/a><\/li>\n<li>Medicina Interna, por <a href=\"http:\/\/pc.h12o.es\/cgi-bin\/koha\/opac-detail.pl?biblionumber=16383\">Rafael Rubio Garc\u00eda<\/a><\/li>\n<li>Obstetricia y Ginecolog\u00eda, por <a href=\"http:\/\/pc.h12o.es\/cgi-bin\/koha\/opac-detail.pl?biblionumber=16354\">Enery G\u00f3mez Montes<\/a><\/li>\n<li>Obstetricia y Ginecolog\u00eda, por <a href=\"http:\/\/pc.h12o.es\/cgi-bin\/koha\/opac-detail.pl?biblionumber=16355\">Sof\u00eda Arag\u00f3n S\u00e1nchez<\/a><\/li>\n<li>Pediatr\u00eda, por <a href=\"http:\/\/pc.h12o.es\/cgi-bin\/koha\/opac-detail.pl?biblionumber=16146\">Alberto Mendoza<\/a><\/li>\n<\/ul>\n<p>2019<\/p>\n<ul>\n<li>Anatom\u00eda Patol\u00f3gica, por <a href=\"http:\/\/pc.h12o.es\/cgi-bin\/koha\/opac-detail.pl?biblionumber=16155\">Aurelio Hern\u00e1ndez La\u00edn<\/a><\/li>\n<li>Cirug\u00eda General, por <a href=\"http:\/\/pc.h12o.es\/cgi-bin\/koha\/opac-detail.pl?biblionumber=16154\">Francisco Javier Garc\u00eda Borda<\/a><\/li>\n<li>Endocrinolog\u00eda y Nutrici\u00f3n, por <a href=\"http:\/\/pc.h12o.es\/cgi-bin\/koha\/opac-detail.pl?biblionumber=16152\">M\u00aa \u00c1ngeles Valero<\/a><\/li>\n<\/ul>\n<p>2017<\/p>\n<ul>\n<li>Hematolog\u00eda, por <a href=\"http:\/\/pc.h12o.es\/cgi-bin\/koha\/opac-detail.pl?biblionumber=16161\">Rosa Ayala Diaz<\/a><\/li>\n<\/ul>\n<p>2016<\/p>\n<ul>\n<li>Medicina Intensiva, por <a href=\"http:\/\/pc.h12o.es\/cgi-bin\/koha\/opac-detail.pl?biblionumber=16304\">Mario Chico Fern\u00e1ndez<\/a><\/li>\n<\/ul>\n<p>2015<\/p>\n<ul>\n<li>Cirug\u00eda Tor\u00e1cica, por <a href=\"http:\/\/pc.h12o.es\/cgi-bin\/koha\/opac-detail.pl?biblionumber=16170\">Vicente D\u00edaz-Hell\u00edn Gude<\/a><\/li>\n<\/ul>\n<p>2014<\/p>\n<ul>\n<li>Cirug\u00eda Oral y Maxilofacial, por <a href=\"http:\/\/pc.h12o.es\/cgi-bin\/koha\/opac-detail.pl?biblionumber=16172\">Gregorio S\u00e1nchez Aniceto<\/a><\/li>\n<\/ul>\n<p>2013<\/p>\n<ul>\n<li>Neonatolog\u00eda, por <a href=\"http:\/\/pc.h12o.es\/cgi-bin\/koha\/opac-detail.pl?biblionumber=16929\">Gerardo Bustos Lozano<\/a><\/li>\n<\/ul>\n<p>2012<\/p>\n<ul>\n<li>Cirug\u00eda General y del Aparato Digestivo, por <a href=\"http:\/\/pc.h12o.es\/cgi-bin\/koha\/opac-detail.pl?biblionumber=16200\" target=\"_blank\" rel=\"noopener\"> Carmelo Loinaz Segurola<\/a><\/li>\n<\/ul>\n<p>2011<\/p>\n<ul>\n<li>Medicina Intensiva, por <a href=\"http:\/\/pc.h12o.es\/cgi-bin\/koha\/opac-detail.pl?biblionumber=16708\">Jos\u00e9 \u00c1ngel S\u00e1nchez-Izquierdo Riera<\/a><\/li>\n<\/ul>\n<\/div>\n<h4 class=\"collapseomatic \" id=\"id69db5d7169e38\" rel=\"category-highlander\" tabindex=\"0\" title=\"SUPERVISI\u00d3N DE ENFERMER\u00cdA\"    >SUPERVISI\u00d3N DE ENFERMER\u00cdA<\/h4><div id=\"target-id69db5d7169e38\" class=\"collapseomatic_content \">\n<p>2017<\/p>\n<ul>\n<li>Formaci\u00f3n Continuada, por <a href=\"http:\/\/pc.h12o.es\/cgi-bin\/koha\/opac-detail.pl?biblionumber=16305\">Miguel Morat\u00f3 Miguel<\/a><\/li>\n<\/ul>\n<\/div>\n<h4 class=\"collapseomatic \" id=\"id69db5d7169e53\" rel=\"category-highlander\" tabindex=\"0\" title=\"HOSPITAL 12 DE OCTUBRE\"    >HOSPITAL 12 DE OCTUBRE<\/h4><div id=\"target-id69db5d7169e53\" class=\"collapseomatic_content \">\n<ul>\n<li><a href=\"https:\/\/drive.google.com\/file\/d\/1GUaDJ_0Jn0OZT5IFfWoFsLEOVnAcoRQV\/view?usp=sharing\" target=\"_blank\" rel=\"noopener\">2023<\/a><\/li>\n<li><a href=\"https:\/\/www.comunidad.madrid\/hospital\/12octubre\/file\/7154\/download?token=Zs59EJxg\" target=\"_blank\" rel=\"noopener\">2022<\/a><\/li>\n<li><a href=\"https:\/\/www.comunidad.madrid\/hospital\/12octubre\/file\/5996\/download?token=V3zIu0n5\" target=\"_blank\" rel=\"noopener\">2021<\/a><\/li>\n<li><a href=\"https:\/\/www.comunidad.madrid\/hospital\/12octubre\/file\/5148\/download?token=uwNhf9hr\" target=\"_blank\" rel=\"noopener\">2020<\/a><\/li>\n<li><a href=\"https:\/\/www.comunidad.madrid\/hospital\/12octubre\/file\/4715\/download?token=kSVK7UWD\" target=\"_blank\" rel=\"noopener\">2019<\/a><\/li>\n<li><a href=\"https:\/\/www.comunidad.madrid\/hospital\/12octubre\/file\/4163\/download?token=oMP2VJnH\">2018<\/a><\/li>\n<li><a href=\"https:\/\/www.comunidad.madrid\/hospital\/12octubre\/file\/3484\/download?token=zAd528QG\">2017<\/a><\/li>\n<li><a href=\"https:\/\/www.comunidad.madrid\/hospital\/12octubre\/file\/3485\/download?token=Wpg0qkx6\">2016<\/a><\/li>\n<li><a href=\"https:\/\/www.comunidad.madrid\/hospital\/12octubre\/file\/3486\/download?token=n9dM9gXu\">2015<\/a><\/li>\n<li><a href=\"https:\/\/www.comunidad.madrid\/hospital\/12octubre\/file\/3488\/download?token=aJ_NtHV1\" target=\"_blank\" rel=\"noopener noreferrer\">2014<\/a><\/li>\n<li><a href=\"https:\/\/www.comunidad.madrid\/hospital\/12octubre\/file\/3487\/download?token=gCUhaFZh\">2013<\/a><\/li>\n<\/ul>\n<\/div>\n<h4 class=\"collapseomatic \" id=\"id69db5d7169e6e\" rel=\"category-highlander\" tabindex=\"0\" title=\"SERVICIOS\"    >SERVICIOS<\/h4><div id=\"target-id69db5d7169e6e\" class=\"collapseomatic_content \">\n2022<\/p>\n<ul>\n<li><a href=\"https:\/\/n9.cl\/fswym\">Cirug\u00eda Pedi\u00e1trica<\/a><\/li>\n<\/ul>\n<p>2020<\/p>\n<ul>\n<li><a href=\"http:\/\/pc.h12o.es\/cgi-bin\/koha\/opac-detail.pl?biblionumber=16542\">Cirug\u00eda Pedi\u00e1trica<\/a><\/li>\n<\/ul>\n<p>2018<\/p>\n<ul>\n<li><a href=\"http:\/\/pc.h12o.es\/cgi-bin\/koha\/opac-detail.pl?biblionumber=16541\">Cirug\u00eda Pedi\u00e1trica<\/a><\/li>\n<\/ul>\n<\/div>\n","protected":false},"excerpt":{"rendered":"<p>&nbsp; &nbsp;<\/p>\n<p class=\"continue-reading-button\"> <a class=\"continue-reading-link\" href=\"https:\/\/cendoc.h12o.es\/blog\/memorias\/\">Continuar leyendo<i class=\"crycon-right-dir\"><\/i><\/a><\/p>\n","protected":false},"author":8,"featured_media":0,"parent":0,"menu_order":0,"comment_status":"closed","ping_status":"closed","template":"","meta":{"jetpack_post_was_ever_published":false,"footnotes":""},"jetpack_shortlink":"https:\/\/wp.me\/P3G9TJ-EC","jetpack_sharing_enabled":true,"_links":{"self":[{"href":"https:\/\/cendoc.h12o.es\/blog\/wp-json\/wp\/v2\/pages\/2518"}],"collection":[{"href":"https:\/\/cendoc.h12o.es\/blog\/wp-json\/wp\/v2\/pages"}],"about":[{"href":"https:\/\/cendoc.h12o.es\/blog\/wp-json\/wp\/v2\/types\/page"}],"author":[{"embeddable":true,"href":"https:\/\/cendoc.h12o.es\/blog\/wp-json\/wp\/v2\/users\/8"}],"replies":[{"embeddable":true,"href":"https:\/\/cendoc.h12o.es\/blog\/wp-json\/wp\/v2\/comments?post=2518"}],"version-history":[{"count":58,"href":"https:\/\/cendoc.h12o.es\/blog\/wp-json\/wp\/v2\/pages\/2518\/revisions"}],"predecessor-version":[{"id":8484,"href":"https:\/\/cendoc.h12o.es\/blog\/wp-json\/wp\/v2\/pages\/2518\/revisions\/8484"}],"wp:attachment":[{"href":"https:\/\/cendoc.h12o.es\/blog\/wp-json\/wp\/v2\/media?parent=2518"}],"curies":[{"name":"wp","href":"https:\/\/api.w.org\/{rel}","templated":true}]}}